e units digit of v?
8
Let g(v) = -v**3 - 2*v**2. Suppose 4*x = 4*l + 28, -l + 5*l - 5*x = -30. Let d = l - -2. What is the units digit of g(d)?
9
Let n(a) = -a**3 - 4*a**2 + 4*a - 2. Let o be n(-5). Let q(z) = 15*z**2 - 1. Let l be q(-1). Suppose y = o*y - l. What is the units digit of y?
7
Let d = -13 - -9. Let i = d - -5. What is the units digit of (-2)/(-1) + (4 - i)?
5
Suppose -4*b = -2*b - 24. Suppose 4*o + 20 = f - 36, -3*f = -b. Let c = 27 + o. What is the tens digit of c?
1
Suppose -3*a + 67 = -2*a. What is the tens digit of a?
6
Let u(c) = 9*c**2 + c. Let l be u(1). Let g be 17/(-2)*l/(-5). Suppose 0 = -5*f + 23 + g. What is the units digit of f?
8
Let o(w) = w**2 - 8*w - 5. Let p be o(9). Let z = p + 0. Suppose -3*k + 16 = -5*r, -k + 5*r = z*r - 8. What is the tens digit of k?
1
Suppose 26 = w - 0. What is the tens digit of w?
2
Let l(f) = f**2 + 5*f + 4. Let g be l(-3). Let m be (g/4*0)/(-1). Suppose -r = -2 - m. What is the units digit of r?
2
Let n = -19 + 13. What is the units digit of (-52)/n + (-24)/36?
8
Let a = -15 - -44. What is the tens digit of a?
2
Let h be (2 - 0)*5/2. Let x = h - -2. Suppose 8 = 4*b + 5*n + 1, b + x = -3*n. What is the units digit of b?
8
Let z = 20 + -7. What is the units digit of z?
3
Suppose 6 - 3 = v. Suppose -4*a - 8 = i + 4, 0 = v*i - 12. Let m = 0 - a. What is the units digit of m?
4
Suppose -4*w - 31 = -3*x + w, 4*w = x - 8. What is the units digit of x?
2
Let h = 323 + 42. What is the hundreds digit of h?
3
Let x = 48 + -31. What is the units digit of x?
7
Let d = -7 + 67. What is the units digit of d?
0
Suppose -3*w - 30 = -4*w + f, 5*w = 4*f + 145. What is the tens digit of w?
2
Suppose y - 2*y = -9. What is the units digit of y?
9
Let u = 96 + -68. Suppose n = -n - 4*z - u, 0 = -z - 4. Let h(a) = -a**3 - 6*a**2 - a. What is the units digit of h(n)?
6
Suppose 0 = -2*q - 0*q - 12. Let y(x) = -x - 3. Let z be y(q). Let a(w) = w**3 + w**2 - 3*w - 4. What is the units digit of a(z)?
3
Let w = -18 + 23. Suppose 0 = -w*r + 73 + 137. What is the units digit of r?
2
Let n(z) = 3*z**2 - 5*z + z**3 - 5 + 2 + 2*z. Let p be n(-3). What is the units digit of (-4)/p + (-46)/(-6)?
7
Let z = -3 + -2. Let v = z - -8. What is the units digit of v?
3
Let h = -22 + -2. Let j = 69 + h. What is the tens digit of j?
4
Suppose -3*p + 3 = -0*z - 3*z, 1 = 4*p - z. Let d(u) = u + 2. What is the units digit of d(p)?
2
Let j = -3 + 12. Suppose j = w + 2. Let p = -1 + w. What is the units digit of p?
6
Let a(t) = -t**3 + 6*t**2 - 5*t + 7. Let q be a(5). Suppose -3 + q = 4*b. Suppose -g + 7 = b. What is the units digit of g?
6
Let f = 17 + 60. Let w = f - 47. What is the tens digit of w?
3
Suppose 2*z - 2 - 4 = 0. Let c(n) = n + z*n + 3*n**2 + 2*n - 1 - 5*n. What is the units digit of c(1)?
3
Suppose 5*o + 4*m + 6 + 2 = 0, 5*o + 2*m + 4 = 0. Suppose o*v - 2*v + 20 = 0. What is the tens digit of v?
1
Let y(b) be the third derivative of 0*b - 1/24*b**4 + b**2 + 0 + 2/3*b**3. What is the units digit of y(-3)?
7
Let w(q) = -q**2 - 13*q + 18. What is the units digit of w(-14)?
4
Let w(c) = -c**3 + 7*c**2 + 12*c - 2. Let a be w(8). Suppose -f - 4*f - 3*h = -a, -4*h + 7 = 3*f. What is the units digit of f?
9
Let j be (-12)/(-10)*(-15)/6. Let s(d) = 2*d**2 + 4*d + 1. What is the units digit of s(j)?
7
Let d be 0 + (1 - 1) - -2. Let n(h) = h - h + 2*h - d - 4. What is the units digit of n(4)?
2
Suppose 2*z + 12 = -0*z. Let u = -3 - z. What is the units digit of u + -3*(-4)/(-6)?
1
Suppose -173 - 55 = -5*y + 2*d, 2*d + 8 = 0. What is the tens digit of y?
4
Let v be ((-132)/(-20))/(2/10). Suppose -t + v = 2*t. What is the tens digit of t?
1
Suppose -w - 4 + 5 = 0. Let t be 8/(-2) + w - -48. Suppose -5*g + 4*k = -t, -5*k + 24 + 27 = 2*g. What is the tens digit of g?
1
Let z be (-4 - -9) + (2 - 5). Suppose -d + z = 1. What is the units digit of d?
1
Let p = 2 - -3. Let w(g) = g**2 - 4*g + 5. What is the tens digit of w(p)?
1
Let o(x) = 6*x - 1. Let d be o(1). Suppose 2*l - 73 = -l + d*f, 2*l - 3*f = 50. What is the units digit of l?
1
Let u(g) = g**3 + g**2 + g + 130. What is the hundreds digit of u(0)?
1
Let n = 12 - -6. What is the units digit of n/(-4)*(-24)/18?
6
Let a = 5 + 7. What is the tens digit of a?
1
Suppose -v + 2 = -0*v. Let q = 6 - v. What is the units digit of q/(-5)*5/(-2)?
2
What is the tens digit of (29 - 27)/(1/(-86)*-1)?
7
Suppose 8*n + 11 = 9*n. Suppose 3*f - 35 = -f - 5*s, -f - 2*s + n = 0. What is the units digit of f?
5
Suppose p - 4*p - 207 = -y, 5*p - 425 = -2*y. What is the tens digit of y?
1
Let i = -7 + 42. What is the tens digit of i?
3
Let c be 2/(-8) - (-111)/12. Let t(m) be the third derivative of -m**6/120 + 2*m**5/15 + 11*m**4/24 - m**3/3 + m**2. What is the tens digit of t(c)?
1
What is the tens digit of 9/(0 - 1/(-5))?
4
Let z(w) = -40*w - 62. What is the units digit of z(-7)?
8
Let y(z) = -z**3 + 6*z**2 + 5*z + 10. Let r be y(7). What is the units digit of ((-12)/6)/(2/r)?
4
Suppose 0 = 4*o - 5*o + 2. What is the units digit of o?
2
Let g(q) = q - 6. Let k be g(0). Let r = k + 7. What is the units digit of r?
1
Let u(f) = -3*f**3 - 5*f**2 - 7*f. What is the tens digit of u(-3)?
5
Suppose -l + 3*l = g - 220, 2*l = 4*g - 904. What is the tens digit of g?
2
Let p be -1*-1*(-72)/(-3). Suppose -110 = -4*i + 5*w, 5*i + 2*w - p = 130. Suppose f - i = -4*f. What is the units digit of f?
6
Let s = -279 - -483. What is the tens digit of s?
0
Let v = 10 + -8. Suppose 0 = -v*i + g - 0*g + 21, 5*i - 55 = 2*g. What is the units digit of i?
3
Suppose 3*w - 5*u = 44 + 30, -u = -4*w + 110. What is the units digit of ((-6)/(-21))/(2/w)?
4
Suppose 0*z + 3*z = 4*d - 15, 3*d - 33 = -5*z. What is the units digit of d?
6
Suppose -5*w - h - 12 = -5*h, -w - 5*h = -15. Suppose w = -7*g + 4*g + 27. What is the units digit of g?
9
Let h(l) = -l + 4 - 3 - l + 5. Let y be h(6). What is the tens digit of (2/y)/(1/(-33))?
1
Suppose 0 = -3*u - r - 66 - 41, -24 = u - 2*r. Let x = u - -48. What is the tens digit of x?
1
Suppose -2*q + 196 = 2*q. What is the units digit of q?
9
Let p be (0 + -1)*(4 - (-11)/(-1)). Let f(t) = t**2 - 10*t - 3. Let r(d) = -d. Let c(a) = -f(a) + 2*r(a). What is the tens digit of c(p)?
1
Let v be ((-2)/(-3))/((-6)/(-9)). Suppose 0 = h + 2, q = -0*q - h - v. Suppose -2*c = 4*w + 9 + q, -5*w - 11 = 4*c. What is the units digit of c?
1
Let r = 6 - 5. Suppose -3*u - r = -49. What is the units digit of u?
6
Let l(r) = -13*r - 13. What is the units digit of l(-15)?
2
Suppose 0 = 2*d - d - 4. Suppose -2*n - d = -3*n. What is the units digit of n?
4
Let n = 5 + -5. Let p = 4 + n. What is the units digit of p?
4
Let n = -750 + 1063. What is the tens digit of n?
1
Let t(u) = -3 + 2*u + 3 + 18*u**2 - 14*u**2. What is the tens digit of t(-2)?
1
Suppose t + 2*t = 30. Let x be 30/12*8/t. What is the units digit of x/(-3)*15/(-1)?
0
Let c(f) = 7*f + 7. Let r(d) = 3*d + 3. Let z(g) = -2*c(g) + 5*r(g). What is the units digit of z(3)?
4
What is the units digit of 2/6*(4 - 1)?
1
Suppose 4*r = -8, 2*r = -3*h + 209 + 84. What is the tens digit of h?
9
Let c(b) = -b**3 - b**2 - 3*b + 2. What is the units digit of c(-4)?
2
Suppose 0 = 4*v - k - 8, 5*v - 4*k = -0*v - 1. Suppose -10 + 46 = v*t. Suppose -12 = -5*h + 2*r, 3*h - 4*h = -4*r + t. What is the units digit of h?
4
Let w = -6 + 6. Suppose w = 3*j - 6*j + 15. Suppose -5*p - j*q + 14 = -4*p, 0 = -3*p - 4*q + 31. What is the units digit of p?
9
Let k(s) = -s**3 - 5*s**2 - 4*s. Let c be k(-3). Let v = 34 + c. Suppose 3 = 3*b, 5*w + 3*b = -0*b + v. What is the units digit of w?
5
Let r = -3 - -5. Let v(b) = -2*b**3 + 25*b + 3*b**3 - 3*b**2 - 22*b. What is the units digit of v(r)?
2
Let f = 6 + 12. What is the units digit of f?
8
Let j = 13 + -9. Suppose -2*k - 2*k - 4 = -2*l, 0 = -j*k. What is the units digit of l?
2
Suppose 0 = -4*p - 3*r - 51, 0 = p - 0*p - 3*r - 6. Let u(l) = -l**3 + 3*l + 2. Let y be u(3). Let g = p - y. What is the units digit of g?
7
Let m be 3/(-3) - 111 - -2. Let r be (-8)/20*m/2. Suppose -2*w = -0*w - r. What is the tens digit of w?
1
Let o(u) = u. Let s be o(4). Suppose 1 = -4*k + 9. Suppose 4*x - s*j - 4 - 4 = 0, x = -k*j + 2. What is the units digit of x?
2
What is the tens digit of -2 + (98 - (-3 + 0))?
9
Suppose 0 = 5*s - 0*s - 25. Suppose 